{"id":2,"date":"2020-05-02T14:13:16","date_gmt":"2020-05-02T14:13:16","guid":{"rendered":"https:\/\/blogs.masdividendos.com\/el-vuelo-del-sinsajo\/?page_id=2"},"modified":"2021-01-22T00:31:55","modified_gmt":"2021-01-22T00:31:55","slug":"pagina-ejemplo","status":"publish","type":"page","link":"https:\/\/blogs.masdividendos.com\/el-vuelo-del-sinsajo\/pagina-ejemplo\/","title":{"rendered":"Arrendajo."},"content":{"rendered":"\n<p>El comportamiento del p\u00e1jaro arrendajo m\u00e1s importante es su\u00a0<strong>capacidad para guardar semillas<\/strong>, especialmente bellotas o frutos secos,\u00a0<strong>para las \u00e9pocas fr\u00edas y menos propicias<\/strong>.<\/p>\n\n\n\n<p><strong>La  costumbre del arrendajo de guardar alimento se debe a su capacidad de planear para el futuro, <\/strong>ahorrar para el d\u00eda del ma\u00f1ana. <\/p>\n\n\n\n<p>Este comportamiento es el que le convierte en un animal fundamental para nuestros bosques. En muchos casos,<strong>\u00a0los arrendajos suelen olvidar y no consumen la inmensa cantidad de bellotas y frutos que esconden.  <\/strong><\/p>\n\n\n\n<p>As\u00ed pues es un animal con capacidad para reforestar bosques y por lo que se le llama el P\u00e1jaro Jardinero. <br><br>Tiene capacidad para imitar el sonido de otros p\u00e1jaros. El sufijo del arrendajo ha sido utilizado para poner nombre al p\u00e1jaro que da t\u00edtulo a uno de los libros de la saga \u00abLos juegos del hambre\u00bb, el Sinsajo. <\/p>\n","protected":false},"excerpt":{"rendered":"<p>El comportamiento del p\u00e1jaro arrendajo m\u00e1s importante es su\u00a0capacidad para guardar semillas, especialmente bellotas o frutos secos,\u00a0para las \u00e9pocas fr\u00edas y menos propicias. La costumbre del arrendajo de guardar alimento se debe a su capacidad de planear para el futuro, ahorrar para el d\u00eda del ma\u00f1ana. Este comportamiento es el que le convierte en un animal fundamental para nuestros bosques. En muchos casos,\u00a0los arrendajos suelen&#8230; <\/p>\n<p class=\"more\"><a class=\"more-link\" href=\"https:\/\/blogs.masdividendos.com\/el-vuelo-del-sinsajo\/pagina-ejemplo\/\">Leer m\u00e1s<\/a><\/p>\n","protected":false},"author":1,"featured_media":0,"parent":0,"menu_order":0,"comment_status":"closed","ping_status":"open","template":"","meta":{"publish_to_discourse":"","publish_post_category":"","wpdc_auto_publish_overridden":"","wpdc_topic_tags":"","wpdc_pin_topic":"","wpdc_pin_until":"","discourse_post_id":"","discourse_permalink":"","wpdc_publishing_response":"","wpdc_publishing_error":"","footnotes":""},"_links":{"self":[{"href":"https:\/\/blogs.masdividendos.com\/el-vuelo-del-sinsajo\/wp-json\/wp\/v2\/pages\/2"}],"collection":[{"href":"https:\/\/blogs.masdividendos.com\/el-vuelo-del-sinsajo\/wp-json\/wp\/v2\/pages"}],"about":[{"href":"https:\/\/blogs.masdividendos.com\/el-vuelo-del-sinsajo\/wp-json\/wp\/v2\/types\/page"}],"author":[{"embeddable":true,"href":"https:\/\/blogs.masdividendos.com\/el-vuelo-del-sinsajo\/wp-json\/wp\/v2\/users\/1"}],"replies":[{"embeddable":true,"href":"https:\/\/blogs.masdividendos.com\/el-vuelo-del-sinsajo\/wp-json\/wp\/v2\/comments?post=2"}],"version-history":[{"count":3,"href":"https:\/\/blogs.masdividendos.com\/el-vuelo-del-sinsajo\/wp-json\/wp\/v2\/pages\/2\/revisions"}],"predecessor-version":[{"id":78,"href":"https:\/\/blogs.masdividendos.com\/el-vuelo-del-sinsajo\/wp-json\/wp\/v2\/pages\/2\/revisions\/78"}],"wp:attachment":[{"href":"https:\/\/blogs.masdividendos.com\/el-vuelo-del-sinsajo\/wp-json\/wp\/v2\/media?parent=2"}],"curies":[{"name":"wp","href":"https:\/\/api.w.org\/{rel}","templated":true}]}}