{"id":2,"date":"2020-05-02T14:13:16","date_gmt":"2020-05-02T14:13:16","guid":{"rendered":"https:\/\/blogs.masdividendos.com\/asi-es-si-les-parece\/?page_id=2"},"modified":"2020-09-05T16:26:35","modified_gmt":"2020-09-05T16:26:35","slug":"pagina-ejemplo","status":"publish","type":"page","link":"https:\/\/blogs.masdividendos.com\/asi-es-si-les-parece\/pagina-ejemplo\/","title":{"rendered":"\u00bfQuien es Fabala?"},"content":{"rendered":"\n<p>Despu\u00e9s de 16 a\u00f1os trabajando en el departamento de Marketing de una multinacional de productos de gran consumo en Italia y Espa\u00f1a , decido, en 2002, de probar a cambiar de vida y ver si me gusta dedicar mi tiempo a estudiar sobre inversiones.<\/p>\n\n\n\n<p>La prueba me satisface, gracias tambi\u00e9n a la inestimable ayuda de la diosa Fortuna, y aqu\u00ed sigo con ganas de seguir aprendiendo y de compartir experiencias.<\/p>\n\n\n\n<p>Soy un inversor poli\u00e9drico, principalmente de largo plazo y sistem\u00e1tico, y\u00a0 no renuncio a alguna incursi\u00f3n en el mundo del trading de corto plazo, si los astros est\u00e1n alineados.<\/p>\n\n\n\n<p><\/p>\n\n\n\n<p><\/p>\n","protected":false},"excerpt":{"rendered":"<p>Despu\u00e9s de 16 a\u00f1os trabajando en el departamento de Marketing de una multinacional de productos de gran consumo en Italia y Espa\u00f1a , decido, en 2002, de probar a cambiar de vida y ver si me gusta dedicar mi tiempo a estudiar sobre inversiones. La prueba me satisface, gracias tambi\u00e9n a la inestimable ayuda de la diosa Fortuna, y aqu\u00ed sigo con ganas de seguir&#8230; <\/p>\n<p class=\"more\"><a class=\"more-link\" href=\"https:\/\/blogs.masdividendos.com\/asi-es-si-les-parece\/pagina-ejemplo\/\">Leer m\u00e1s<\/a><\/p>\n","protected":false},"author":1,"featured_media":0,"parent":0,"menu_order":0,"comment_status":"closed","ping_status":"open","template":"","meta":{"publish_to_discourse":"","publish_post_category":"","wpdc_auto_publish_overridden":"","wpdc_topic_tags":"","wpdc_pin_topic":"","wpdc_pin_until":"","discourse_post_id":"","discourse_permalink":"","wpdc_publishing_response":"","wpdc_publishing_error":"","footnotes":""},"_links":{"self":[{"href":"https:\/\/blogs.masdividendos.com\/asi-es-si-les-parece\/wp-json\/wp\/v2\/pages\/2"}],"collection":[{"href":"https:\/\/blogs.masdividendos.com\/asi-es-si-les-parece\/wp-json\/wp\/v2\/pages"}],"about":[{"href":"https:\/\/blogs.masdividendos.com\/asi-es-si-les-parece\/wp-json\/wp\/v2\/types\/page"}],"author":[{"embeddable":true,"href":"https:\/\/blogs.masdividendos.com\/asi-es-si-les-parece\/wp-json\/wp\/v2\/users\/1"}],"replies":[{"embeddable":true,"href":"https:\/\/blogs.masdividendos.com\/asi-es-si-les-parece\/wp-json\/wp\/v2\/comments?post=2"}],"version-history":[{"count":2,"href":"https:\/\/blogs.masdividendos.com\/asi-es-si-les-parece\/wp-json\/wp\/v2\/pages\/2\/revisions"}],"predecessor-version":[{"id":68,"href":"https:\/\/blogs.masdividendos.com\/asi-es-si-les-parece\/wp-json\/wp\/v2\/pages\/2\/revisions\/68"}],"wp:attachment":[{"href":"https:\/\/blogs.masdividendos.com\/asi-es-si-les-parece\/wp-json\/wp\/v2\/media?parent=2"}],"curies":[{"name":"wp","href":"https:\/\/api.w.org\/{rel}","templated":true}]}}